{"id":166,"date":"2015-12-10T15:55:36","date_gmt":"2015-12-10T14:55:36","guid":{"rendered":"http:\/\/ecomusee.hebergratuit.net\/?page_id=166"},"modified":"2016-11-11T22:08:53","modified_gmt":"2016-11-11T21:08:53","slug":"groupes","status":"publish","type":"page","link":"https:\/\/www.ecomusee-rural.com\/?page_id=166","title":{"rendered":"Groupes"},"content":{"rendered":"<div id=\"pl-166\"  class=\"panel-layout\" ><div id=\"pg-166-0\"  class=\"panel-grid panel-no-style\" ><div id=\"pgc-166-0-0\"  class=\"panel-grid-cell\" ><div id=\"panel-166-0-0-0\" class=\"so-panel widget widget_sow-image panel-first-child panel-last-child\" data-index=\"0\" ><div\n\t\t\t\n\t\t\tclass=\"so-widget-sow-image so-widget-sow-image-default-d6014b76747a-166\"\n\t\t\t\n\t\t>\n\n<div class=\"sow-image-container\">\n\t\t<img src=\"https:\/\/www.ecomusee-rural.com\/wp-content\/uploads\/2015\/12\/Groupe_003-300x200.jpg\" width=\"300\" height=\"200\" srcset=\"https:\/\/www.ecomusee-rural.com\/wp-content\/uploads\/2015\/12\/Groupe_003-300x200.jpg 300w, https:\/\/www.ecomusee-rural.com\/wp-content\/uploads\/2015\/12\/Groupe_003-768x511.jpg 768w, https:\/\/www.ecomusee-rural.com\/wp-content\/uploads\/2015\/12\/Groupe_003-1024x681.jpg 1024w, https:\/\/www.ecomusee-rural.com\/wp-content\/uploads\/2015\/12\/Groupe_003-272x182.jpg 272w, https:\/\/www.ecomusee-rural.com\/wp-content\/uploads\/2015\/12\/Groupe_003.jpg 1600w\" sizes=\"(max-width: 300px) 100vw, 300px\" alt=\"\" loading=\"lazy\" \t\tclass=\"so-widget-image\"\/>\n\t<\/div>\n\n<\/div><\/div><\/div><div id=\"pgc-166-0-1\"  class=\"panel-grid-cell\" ><div id=\"panel-166-0-1-0\" class=\"so-panel widget widget_sow-editor panel-first-child panel-last-child\" data-index=\"1\" ><div\n\t\t\t\n\t\t\tclass=\"so-widget-sow-editor so-widget-sow-editor-base\"\n\t\t\t\n\t\t>\n<div class=\"siteorigin-widget-tinymce textwidget\">\n\t<p>Les sites de visite de l\u2019ancienne ferme et du Moulin Neuf s\u2019adaptent \u00e0 tout type de public adultes.<\/p>\n<p><strong>Les r\u00e9sidences et maisons de retraite<\/strong> appr\u00e9cient le cadre apaisant et la richesse des collections qui permet aux r\u00e9sidents de se rem\u00e9morer de nombreux souvenirs.<\/p>\n<p><strong>Les associations, centre socio culturels<\/strong> peuvent pratiquer diff\u00e9rents ateliers \u00ab\u00a0savoir-faire\u00a0\u00bb pour rendre la visite interactive.<\/p>\n<\/div>\n<\/div><\/div><\/div><\/div><div id=\"pg-166-1\"  class=\"panel-grid panel-no-style\" ><div id=\"pgc-166-1-0\"  class=\"panel-grid-cell\" ><div id=\"panel-166-1-0-0\" class=\"so-panel widget widget_sow-editor panel-first-child\" data-index=\"2\" ><div\n\t\t\t\n\t\t\tclass=\"so-widget-sow-editor so-widget-sow-editor-base\"\n\t\t\t\n\t\t>\n<div class=\"siteorigin-widget-tinymce textwidget\">\n\t<p><strong>Les groupes de randonneurs, cyclo touristes et amis<\/strong> <strong>cavaliers<\/strong> ont la possibilit\u00e9 de mettre un pied \u00e0 terre le temps d\u2019une visite, d\u2019un atelier ou m\u00eame d\u2019un repas.<\/p>\n<p>En saison estivale, les espaces verts permettent les pique- nique et activit\u00e9s dans un cadre tr\u00e8s agr\u00e9able, en cas d\u2019intemp\u00e9ries nous disposons d\u2019un hangar semi-ferm\u00e9 permettant d\u2019abriter les groupes pour les repas et la r\u00e9alisation des ateliers.<\/p>\n<p>Des formules go\u00fbter et repas traditionnel cr\u00eaperie peuvent \u00eatre organis\u00e9s pour vos groupes sur r\u00e9servation (formules d\u00e9taill\u00e9es).<\/p>\n<p><a href=\"http:\/\/www.ecomusee-rural.com\/wp-content\/uploads\/Docs\/DossierPreparationVisite.pdf\" target=\"_blank\" rel=\"\">T\u00e9l\u00e9charger le dossier de pr\u00e9paration d'une visite<\/a><\/p>\n<\/div>\n<\/div><\/div><div id=\"panel-166-1-0-1\" class=\"so-panel widget widget_sow-editor panel-last-child\" data-index=\"3\" ><div\n\t\t\t\n\t\t\tclass=\"so-widget-sow-editor so-widget-sow-editor-base\"\n\t\t\t\n\t\t>\n<div class=\"siteorigin-widget-tinymce textwidget\">\n\t<div class=\"su-custom-gallery su-custom-gallery-title-never su-lightbox-gallery\"><div class=\"su-custom-gallery-slide\"><a href=\"https:\/\/www.ecomusee-rural.com\/wp-content\/uploads\/2015\/12\/Groupe_006.jpg\" title=\"Groupe_006\"><img src=\"https:\/\/www.ecomusee-rural.com\/wp-content\/uploads\/2015\/12\/Groupe_006-90x90.jpg\" alt=\"Groupe_006\" width=\"90\" height=\"90\" \/><span class=\"su-custom-gallery-title\">Groupe_006<\/span><\/a><\/div><div class=\"su-custom-gallery-slide\"><a href=\"https:\/\/www.ecomusee-rural.com\/wp-content\/uploads\/2015\/12\/Groupe_005.jpg\" title=\"Groupe_005\"><img src=\"https:\/\/www.ecomusee-rural.com\/wp-content\/uploads\/2015\/12\/Groupe_005-90x90.jpg\" alt=\"Groupe_005\" width=\"90\" height=\"90\" \/><span class=\"su-custom-gallery-title\">Groupe_005<\/span><\/a><\/div><div class=\"su-custom-gallery-slide\"><a href=\"https:\/\/www.ecomusee-rural.com\/wp-content\/uploads\/2015\/12\/Groupe_004.jpg\" title=\"Groupe_004\"><img src=\"https:\/\/www.ecomusee-rural.com\/wp-content\/uploads\/2015\/12\/Groupe_004-90x90.jpg\" alt=\"Groupe_004\" width=\"90\" height=\"90\" \/><span class=\"su-custom-gallery-title\">Groupe_004<\/span><\/a><\/div><div class=\"su-custom-gallery-slide\"><a href=\"https:\/\/www.ecomusee-rural.com\/wp-content\/uploads\/2015\/12\/Groupe_003.jpg\" title=\"Groupe_003\"><img src=\"https:\/\/www.ecomusee-rural.com\/wp-content\/uploads\/2015\/12\/Groupe_003-90x90.jpg\" alt=\"Groupe_003\" width=\"90\" height=\"90\" \/><span class=\"su-custom-gallery-title\">Groupe_003<\/span><\/a><\/div><div class=\"su-custom-gallery-slide\"><a href=\"https:\/\/www.ecomusee-rural.com\/wp-content\/uploads\/2015\/12\/Groupe_002.jpg\" title=\"Groupe_002\"><img src=\"https:\/\/www.ecomusee-rural.com\/wp-content\/uploads\/2015\/12\/Groupe_002-90x90.jpg\" alt=\"Groupe_002\" width=\"90\" height=\"90\" \/><span class=\"su-custom-gallery-title\">Groupe_002<\/span><\/a><\/div><div class=\"su-custom-gallery-slide\"><a href=\"https:\/\/www.ecomusee-rural.com\/wp-content\/uploads\/2015\/12\/Groupe_001.jpg\" title=\"Groupe_001\"><img src=\"https:\/\/www.ecomusee-rural.com\/wp-content\/uploads\/2015\/12\/Groupe_001-90x90.jpg\" alt=\"Groupe_001\" width=\"90\" height=\"90\" \/><span class=\"su-custom-gallery-title\">Groupe_001<\/span><\/a><\/div><div class=\"su-clear\"><\/div><\/div>\n<\/div>\n<\/div><\/div><\/div><\/div><\/div>","protected":false},"excerpt":{"rendered":"<p>Les sites de visite de l\u2019ancienne ferme et du Moulin Neuf s\u2019adaptent \u00e0 tout type de public adultes.<\/p>\n","protected":false},"author":1,"featured_media":169,"parent":0,"menu_order":3,"comment_status":"closed","ping_status":"closed","template":"","meta":[],"acf":[],"_links":{"self":[{"href":"https:\/\/www.ecomusee-rural.com\/index.php?rest_route=\/wp\/v2\/pages\/166"}],"collection":[{"href":"https:\/\/www.ecomusee-rural.com\/index.php?rest_route=\/wp\/v2\/pages"}],"about":[{"href":"https:\/\/www.ecomusee-rural.com\/index.php?rest_route=\/wp\/v2\/types\/page"}],"author":[{"embeddable":true,"href":"https:\/\/www.ecomusee-rural.com\/index.php?rest_route=\/wp\/v2\/users\/1"}],"replies":[{"embeddable":true,"href":"https:\/\/www.ecomusee-rural.com\/index.php?rest_route=%2Fwp%2Fv2%2Fcomments&post=166"}],"version-history":[{"count":6,"href":"https:\/\/www.ecomusee-rural.com\/index.php?rest_route=\/wp\/v2\/pages\/166\/revisions"}],"predecessor-version":[{"id":374,"href":"https:\/\/www.ecomusee-rural.com\/index.php?rest_route=\/wp\/v2\/pages\/166\/revisions\/374"}],"wp:featuredmedia":[{"embeddable":true,"href":"https:\/\/www.ecomusee-rural.com\/index.php?rest_route=\/wp\/v2\/media\/169"}],"wp:attachment":[{"href":"https:\/\/www.ecomusee-rural.com\/index.php?rest_route=%2Fwp%2Fv2%2Fmedia&parent=166"}],"curies":[{"name":"wp","href":"https:\/\/api.w.org\/{rel}","templated":true}]}}